ate the remainder when k/(-3)*6/(-4) is divided by 5.
4
Suppose 1 - 101 = -5*b. Calculate the remainder when 2/3 - 115/(-3) is divided by b.
19
What is the remainder when 20 is divided by 4/22 - (-714)/66?
9
Suppose 0 = 2*c + 22. Let h = c + 28. Suppose y + 2*y = 96. Calculate the remainder when y is divided by h.
15
Let s(f) = -4*f + 5. Let n be s(6). Calculate the remainder when -3*n/(-6)*-4 is divided by 13.
12
Suppose 0 = 4*p - 83 + 23. Calculate the remainder when p is divided by 5.
0
Let a = -46 + 117. Calculate the remainder when a is divided by 18.
17
Suppose -5*i = -4*i - 13. Suppose 0 = 3*o + 52 + 107. Let x = -28 - o. What is the remainder when x is divided by i?
12
Let w be (3 - (-4)/(-3))*3. Let s = w + 5. What is the remainder when (-2)/8 + 117/4 is divided by s?
9
Suppose -3*n = 2*n. Suppose 2*o - 4*y + 34 = 7*o, 4*y - 4 = n. Suppose -8 = -2*a + 24. Calculate the remainder when a is divided by o.
4
Let c(y) = -y**3 - 7*y**2 - y - 5. Let g be c(-7). Suppose -f = 3*f + 3*l - 52, g*l = -3*f + 39. Calculate the remainder when 37 is divided by f.
11
Calculate the remainder when 92 is divided by (57/57)/(1/47*1).
45
Suppose -3*s - 3*k + 12 = 0, -7*s + 2*s + 5*k = -70. What is the remainder when (-49)/(-2) + 2/(-4) is divided by s?
6
Let k(s) = -s + 6. Let j(r) = r**2 + r - 1. Let o(v) = 5*v**2 + 6*v - 2. Let t(h) = -4*j(h) + o(h). Calculate the remainder when t(-4) is divided by k(2).
2
Suppose -4*z - 5*w + 84 = 0, 21 = -2*z + 3*z - 3*w. Calculate the remainder when z is divided by 6.
3
Let x be 14/3*45/(-6). Let a be ((-12)/14)/(5/x). Let q = -4 + a. What is the remainder when q is divided by 1?
0
Suppose 5 = w, -5*v = w + w - 30. Suppose t = -0*t + v. What is the remainder when 10 is divided by t?
2
Let t(a) = a**2 - a + 1. Calculate the remainder when 20 is divided by t(3).
6
Let j(n) = -n**2 - 2*n - 6. Let c be j(-5). Let q = c - -45. Suppose 10 = 2*f, 0 = -5*w + 4*f - 35 + 245. What is the remainder when w is divided by q?
22
What is the remainder when 29 is divided by ((-5)/((-15)/(-54)))/(9/(-6))?
5
Suppose 4*f + 4*h = 28, -2*f + 3*h + 14 = h. Suppose 1 = 4*o - f. Let u = -24 + 29. What is the remainder when u is divided by o?
1
What is the remainder when 74 is divided by 6/33 - (-1 + (-652)/44)?
10
Let m = -111 - -118. What is the remainder when m is divided by 5?
2
Let u(z) = z**2 - z + 7. Let a be u(0). Let x(v) = -v**3 + 2*v**2 + 4*v - 3. Let w be x(3). Let p = a + w. What is the remainder when 13 is divided by p?
6
Let t(z) = -z**2 + 4*z - 1. Let g be t(3). Suppose 10 = -4*n + k, -g*n = -0*n - 5*k - 4. What is the remainder when (1 + 1/n)*24 is divided by 6?
4
Suppose -2*s - 40 = -74. Calculate the remainder when 66 is divided by s.
15
Suppose 4*s = -0*s + 32. Calculate the remainder when 29 is divided by s.
5
Let f(b) = b**3 + 7*b**2 - 3*b - 8. What is the remainder when f(-7) is divided by 7?
6
Let m(p) = 15*p**2 - p - 1. What is the remainder when 44 is divided by m(-1)?
14
Suppose 4*l + 5 = 21. Let n = -4 + 15. Calculate the remainder when n is divided by l.
3
Calculate the remainder when 124 is divided by (27/6 + -2)*10.
24
Suppose -u - 2 = 3, -2*u = -k + 10. Suppose k = -4*x - 2 + 6. What is the remainder when 37 is divided by ((-19)/3)/(x/(-3))?
18
Let m(x) = -3*x - 2. Suppose 3*c - 37 = 2*c. What is the remainder when c is divided by m(-5)?
11
Suppose 5*h = 6*h - 13. Calculate the remainder when 36 is divided by h.
10
Let k = 33 - 16. Let s = -17 + 27. Calculate the remainder when k is divided by s.
7
Let d be (-3)/(-2) + (-2)/(-4). What is the remainder when 16 is divided by ((-28)/8 + d)*-6?
7
What is the remainder when (116/145)/(2/30) is divided by 7?
5
Let j = 18 - 23. Let a(s) = 2*s**2 + 7*s - 1. What is the remainder when 67 is divided by a(j)?
11
Let q(g) = -g**3 + 9*g**2 - 7*g + 13. What is the remainder when 50 is divided by q(8)?
8
Let c = -49 - -75. Let r = c - 15. What is the remainder when r is divided by 4?
3
Suppose -3*i + 2*i = -11. What is the remainder when 29 is divided by i?
7
Let j = 49 + -29. What is the remainder when j is divided by -1*-2*(-7)/(-2)?
6
Let u = 44 - 19. Let m = u - 17. Calculate the remainder when m is divided by 3.
2
What is the remainder when -28*(0 - (-1)/(-2)) is divided by 8?
6
Let g(w) = 50*w**2 + 1. Let j be 2*1*2/(-4). Let y be g(j). Suppose 0 = 3*z - 3*u - y, -4*z - u - 101 = -9*z. Calculate the remainder when z is divided by 11.
10
Suppose -2*y - d = -0*y - 185, -d = 5*y - 461. Suppose 9*g = 5*g + y. Calculate the remainder when g is divided by 8.
7
Let t = -34 + 68. Calculate the remainder when t is divided by 12.
10
Let v(g) = -g**3 - g + 3. Let y be v(0). What is the remainder when 5*(-1 - 27/(-5)) is divided by -3*4*(-2)/y?
6
Let o(a) = -5*a - 10. Let i be -7*-1*(-3)/3. Let z be o(i). Suppose 0 = 5*v - z - 25. What is the remainder when 27 is divided by v?
7
Suppose 0 = -2*w + 5*c + 20, 0 = -3*w - 3*c - 6 + 15. Suppose w*j = 71 + 44. Let a(y) = -32*y - 20. What is the remainder when a(-2) is divided by j?
21
Let o = 174 - 156. Calculate the remainder when o is divided by 7.
4
Let v(a) = 2*a**2 - 1. Let n be v(1). Let h = n - 17. Calculate the remainder when 70/4 - (-8)/h is divided by 5.
2
Let d(k) = 2*k + 6. What is the remainder when 13 is divided by d(-1)?
1
Suppose 0*t + 2*t = 4. Suppose 3*c = -t*c + 45. Suppose 2*n = 5*w - c + 3, 0 = n + 2*w - 6. Calculate the remainder when 5 is divided by n.
1
Let f(p) = 3*p - 7. Let y be f(5). Let s be y/(2*(-1)/(-1)). Suppose 16 + 8 = s*r. What is the remainder when 10 is divided by r?
4
Calculate the remainder when 40 is divided by 216/10 - 2/(-5).
18
Let l(u) be the second derivative of u**4/12 + u**3/6 + 18*u**2 + 7*u. Calculate the remainder when l(0) is divided by 19.
17
Let p = 5 + 61. Calculate the remainder when p is divided by 34.
32
Let o(z) = 9*z + 9. Let f(s) = 26*s + 26. Let t(y) = 5*f(y) - 14*o(y). Let g(v) = v**2 + 4*v - 2. What is the remainder when t(6) is divided by g(-6)?
8
Let t(g) = -g**3 + 13*g**2 - 11*g + 11. What is the remainder when 63 is divided by t(12)?
17
What is the remainder when 63 is divided by 2/8 - 630/(-40)?
15
Suppose -3*g = -5*s + 77, 0*g - 4*g = -4. Calculate the remainder when 61 is divided by s.
13
Calculate the remainder when 13 + 126 - 1*2 is divided by 14.
11
Let c = 106 + -217. Let w = -73 - c. Suppose q - 52 = -3*q. What is the remainder when w is divided by q?
12
Suppose -2 + 7 = p. Calculate the remainder when 8 is divided by p.
3
Calculate the remainder when 31 is divided by (3 - (-50)/6)/(6/9).
14
Suppose -4*g + 188 = 4*z, -3*z - 44 = -4*z - 2*g. What is the remainder when z is divided by 17?
16
Suppose 0 = c + 2*l + 3, 12 = 5*c - c - 4*l. Suppose 4*z + 3*h - 2 = 3*z, -5*h = -4*z + 8. Calculate the remainder when z is divided by c.
0
Suppose -3*l = -455 + 44. What is the remainder when l is divided by 35?
32
Let l be (12/3)/(2 - 1). Suppose 8 = -2*u, l*a + 3 = 3*u + 31. Suppose -2*f = s + s - 12, 2*f - 34 = -a*s. What is the remainder when 21 is divided by s?
10
Let t = -2 - -2. Suppose t = 3*w - 7*w + 56. Calculate the remainder when 40 is divided by w.
12
Let a(c) = -8*c - 2. Let f = 3 - 1. Suppose f*v = -6 + 32. What is the remainder when a(-5) is divided by v?
12
Let a(c) = -c**2 + 3*c - 3. Let r be a(3). Let v = r + 7. What is the remainder when 10 is divided by v?
2
Let r(n) = 3*n**2 + 7*n - 8. What is the remainder when r(5) is divided by 21?
18
Let i(w) = w**2 + 9*w - 6. Let b be i(-10). Suppose b*k - 5*u = 92, -2*k + k - 2*u + 23 = 0. Suppose 63 = 5*c + 3. What is the remainder when k is divided by c?
11
Let k(s) = -s - 1. What is the remainder when -5*(5/1 - 4) - -10 is divided by k(-5)?
1
Suppose 2*i = 5*w - 171, 3*i = 4*w - w - 108. What is the remainder when w is divided by 9?
6
Suppose -4*k = -18 - 62. Calculate the remainder when k is divided by (-2)/((-15)/(-21) - 1).
6
Suppose 3*v = 5*v - 2, v - 21 = -q. Suppose 0 = 24*o - q*o - 16. Calculate the remainder when 19 is divided by o.
3
Let o(h) = -22*h + 10. Calculate the remainder when o(-3) is divided by 13.
11
Suppose 3*h - 98 = 4. Suppose 0 = 2*w - 3*w + 4. Suppose w*g - 5 = 43. Calculate the remainder when h is divided by g.
10
Let x = 42 + -15. What is the remainder when 49 is divided by x?
22
L